2?
7
Let w(a) = a**3 + 26*a**2 - 27*a + 9. What is the remainder when 2157 is divided by w(-27)?
6
Let q(t) = -2*t**3 - 6*t**2 + 20*t + 27. What is the remainder when 1/4 + (-537)/(-12) is divided by q(-5)?
18
Suppose 16*t = 1638 + 1866. Suppose -3*b = -2*r + 133, 5*r = r - 4*b + 276. Calculate the remainder when t is divided by r.
15
Let z(l) = -12*l - 3*l**2 + 1 + 0*l + 3. Let x be z(-7). Let p = x - -101. What is the remainder when p is divided by 15?
12
Let w(l) = -l + 21. Let f be w(16). Let o(q) = 2*q**2 - 24*q + 84. What is the remainder when 110 is divided by o(f)?
12
What is the remainder when (6375/850)/(5/128) is divided by 1/((-1)/(-12)) + 1?
10
Suppose 3*o + j - 449 = 210, -2*o + 3*j = -454. Suppose -2*k + o = 5*t, -t = -3*t + 4*k + 74. What is the remainder when 470 is divided by t?
40
Suppose 0 = 5*g + 75 - 15. Calculate the remainder when 170 is divided by ((-2937)/g)/(-11)*(-2 - 2).
81
Suppose 16 = 11*x - 7*x, -2*s = 2*x - 48. Let c(m) = m**2 + 5*m - 53. Calculate the remainder when c(9) is divided by s.
13
Let q(s) = 21*s**2 - 279*s - 550. Calculate the remainder when q(-2) is divided by (-1 - 0)/((-1)/29).
5
Let w(l) = -l**3 + 3*l**2 - 2*l - 29 + 29. Let f be w(2). What is the remainder when 29 is divided by f + 13 + -1 + -2?
9
Let c(u) = -u**3 - 5*u**2 - 3*u + 8. Let f = 33 + -39. Let y be c(f). Let j = y - 52. Calculate the remainder when 15 is divided by j.
5
Suppose 5*y - 5 = 15. Suppose y*k + 16 = 0, 0*k - k + 11 = 3*i. Suppose -2*h = -5 - 3. Calculate the remainder when i is divided by h.
1
Suppose u + 2*m = 5425, 8*m = u - 2563 - 2792. Calculate the remainder when u is divided by 44.
43
Suppose 5*r - 20*r + 8385 = 0. Let p = -537 + r. Calculate the remainder when 64 is divided by p.
20
Suppose -2*u + k = -2136, -26*u + 5*k = -21*u - 5325. What is the remainder when u is divided by 154?
147
Let a = 746 + -723. Let l = -337 + 347. What is the remainder when a is divided by l?
3
Let b(i) = -i**2 - 39*i - 359. Suppose -4*o = -2*g + 238, 3*g - o = 338 + 39. Calculate the remainder when g is divided by b(-22).
7
Suppose -67*v = -68*v + 214. Let x = 35 + -8. Calculate the remainder when v is divided by x.
25
Let a(q) = -21*q**2 - 1871*q - 27. What is the remainder when 431 is divided by a(-89)?
129
Suppose 553*d = 592*d - 137904. Calculate the remainder when d is divided by 236.
232
Let i(x) = 14*x - 3. Let g(j) = -2*j - 17. Let q be (-4)/(-14) - (-553)/(-49). Calculate the remainder when i(1) is divided by g(q).
1
Let g = -6524 - -8599. Calculate the remainder when g is divided by 690.
5
Let a(w) = -2*w**3 - 22*w**2 + 23*w - 10. Let s be a(-12). Suppose 0 = -s*m + 4*m - 10. What is the remainder when 13 is divided by m?
3
Let y(r) = r**3 - 19*r**2 - 9*r - 53. Let k(x) = 5*x + 33. What is the remainder when y(20) is divided by k(3)?
23
Let m(n) = -n**3 - n**2 + 8*n + 6. Let d be m(-3). Let l be d - -88 - (3 - -2). Suppose 5*o - 22 - l = 0. What is the remainder when 33 is divided by o?
12
Suppose 129 = 4*f - 99. Let x be 3 - -2*(-212)/(-8). Suppose -4*m + 58 = 3*w, 0*w = -3*m + 4*w + x. What is the remainder when f is divided by m?
9
Let j(v) = 369*v - 3066. Calculate the remainder when 772 is divided by j(9).
7
Let k(x) = -2*x**2 - 25*x - 44. Calculate the remainder when 163 is divided by k(-9).
11
Suppose -4*j + j = 3*w - 1038, 0 = -j - 2*w + 344. Suppose -3*h = 3*a + 22 - 106, -56 = -h + 3*a. What is the remainder when j is divided by h?
33
Let q(j) = 9*j**2 + 177*j - 1193. What is the remainder when q(7) is divided by (-3003)/(-49) - 2/7?
60
Suppose x - 40 = 4. Let h(o) = 3*o**3 + 2*o**2 - 2*o + 1. Let y be h(1). Suppose l = 2*q - 0*l - 43, y*q - l = 89. What is the remainder when x is divided by q?
21
Let u = -65 - -76. Calculate the remainder when (72 + 2 + -2)*6/4 is divided by u.
9
Let m(g) = 9*g - 12. Let q be m(3). Let x = 50 + -30. Calculate the remainder when x is divided by -6*q*2/(-36).
0
Suppose -23*k - 8 = -24*k. Let g(n) = -11*n**2 + k + 12*n**2 - 7*n**2 + n**3 + 8*n. Calculate the remainder when g(5) is divided by 13.
10
Suppose -3*f = 2*v - 5, 4*v - 24 = v + f. Suppose 277 = v*r - 472. Let k = -85 + r. What is the remainder when k is divided by 6?
4
Suppose 5*w - 161 = -11*l + 10*l, -4*l + 5*w + 619 = 0. Calculate the remainder when l is divided by 75.
6
Suppose -2*q = 4*q - 36. Suppose q*p - 14 - 4 = 0. Calculate the remainder when 24 is divided by 243/18*((-16)/p)/(-4).
6
Let i(d) = 4*d**2 + d - 1. Let x be (2/(-3))/((-18)/(-54)). Suppose 15*q = 14*q + 17. What is the remainder when q is divided by i(x)?
4
Let v = -10 - -46. What is the remainder when v is divided by (7/(84/40))/(12/54)?
6
Let z = 22 + 236. Suppose -2*w + 7*w = 690. Suppose 2*l - w = z. What is the remainder when l is divided by 50?
48
Let j(s) = -2229*s + 263. What is the remainder when j(-1) is divided by 9?
8
Let u = 21928 - 21877. Calculate the remainder when 322 is divided by u.
16
Suppose -89*t = -81*t - 872. Suppose -t + 174 = 5*r. Calculate the remainder when 40 is divided by r.
1
Let a = 103 + -25. Suppose z - 4 = -0*z. Suppose 5*b + z*f - 72 = -0*b, -b = -5*f - 26. Calculate the remainder when a is divided by b.
14
Let d(r) = r**2 - 13*r - 14. Let c be (7/(-6))/((-15)/90). Let g be d(c). Calculate the remainder when 60/14 + 16/g is divided by 2.
0
Let d = 1101 + -624. Suppose -27*f + 26*f = -d. Calculate the remainder when f is divided by 48.
45
Let i(g) = -94*g + 1. Let h(l) = -2*l**3 - 20*l**2 + 10*l - 83. What is the remainder when i(-2) is divided by h(-11)?
42
Suppose 2*z = 4*x + 638, -3*z - 48 = x + 108. Let c = x - -197. What is the remainder when 74 is divided by c?
36
Let l(q) = 97*q + 1083. What is the remainder when l(-11) is divided by 15?
1
Let w = 363 - 345. What is the remainder when 90/w - (-96 + -1) is divided by 27?
21
Let o = -15376 + 15415. Let c(y) = -y**3 + 4*y**2 + 8*y - 5. What is the remainder when o is divided by c(5)?
9
Suppose -20 = -5*f, 4*o - 6*o + 4*f = -29098. Calculate the remainder when o is divided by 130.
127
Let q be -3*(221/(-68))/((-3)/(-4)). Suppose -66 + q = -k. Let b = -2 - -11. Calculate the remainder when k is divided by b.
8
Let m be (-1)/6 + 38/12. Suppose a + 10 + 11 = -4*g, 2*g - 7 = m*a. What is the remainder when g*3/(-12) - -4 is divided by 3?
2
Suppose -2 - 83 = -5*z + 5*p, 5*p = -2*z + 55. Suppose 15*j - 1613 = -53. Calculate the remainder when j is divided by z.
4
Calculate the remainder when 175 is divided by (-3)/(273/69 + (-7 + 7 - 4)).
37
Let r(y) = 51*y + 1646. What is the remainder when 3008 is divided by r(-32)?
12
Let w = -172 - -431. Let x be (-2 - -3 - 155) + -4. Let j = x + w. What is the remainder when j is divided by 26?
23
Suppose 3*r + 2000 + 366 = 5*j, -3*j - r = -1428. Suppose -j = -5*h + 185. Calculate the remainder when h is divided by 27.
24
Let w = 1686 - 1436. What is the remainder when w is divided by 3?
1
Suppose 303 = 4*k + 5*f, -f + 6 - 7 = 0. Let o = k + -82. Calculate the remainder when 26 is divided by (-40)/50 + (-39)/o.
5
Suppose -n + 76 = -i, 2*n + 137 = -3*i + 304. Calculate the remainder when 315 is divided by n.
78
Let m(k) = -k**3 + 15*k**2 - 10*k - 52. Let o be m(14). Suppose 0 = -2*l + 2*p + 22, 0*l + p = o*l - 50. What is the remainder when 515 is divided by l?
8
Let x(f) = -593*f + 3919. Calculate the remainder when x(4) is divided by 43.
42
Let u(b) be the second derivative of -b**3/6 + 13*b**2/2 - 16*b - 1. What is the remainder when 141 is divided by u(0)?
11
Let y be 2 - (4/2 - -2). Let m(t) = -32*t + 3. Let p = -620 + 637. Calculate the remainder when m(y) is divided by p.
16
Suppose -245 = -0*q + 5*q - 5*y, -3*q = 5*y + 123. Let r = q + 39. Let u(f) = -f**3 - 8*f**2 - 12*f + 1. What is the remainder when u(r) is divided by 14?
8
What is the remainder when 334/1*((6 - 13) + 9) is divided by 27?
20
Let y(v) be the second derivative of -v**4/12 - 25*v**3/6 - 17*v**2/2 - v + 7. What is the remainder when 26 is divided by y(-24)?
5
Let n be 7 + -10 + (-11 - -2). Let m be 8/n + 2/3. Suppose 4*a + f - 71 = 0, m*f + 74 = 4*a + 2*f. Calculate the remainder when a is divided by 10.
7
Let q(x) = 2*x**2 + 55*x + 56. What is the remainder when 446 is divided by q(-29)?
17
Suppose 3*v - 181*v + 149698 = 0. Calculate the remainder when v i